-29) is divided by g?
9
Suppose -4*f - 120 = -8*f. Let q be ((-30)/(-25))/(9/f). Suppose q - 67 = -3*x. Calculate the remainder when x is divided by 12.
9
Let g(u) = -u**3 - 3*u**2 - 2*u - 2. Let b be g(-3). Suppose b*r = 95 + 177. Let v = -13 + r. What is the remainder when v is divided by 14?
13
Suppose -u + 4 = 2*v - 3, 5*u = v + 13. Calculate the remainder when u is divided by (-15)/(-11 - -14) - -7.
1
Let n(l) = -3. Let q(s) = s**2 - s + 5. Let v be q(0). Let r(i) = -i + 2. Let c(o) = v*n(o) + 6*r(o). Calculate the remainder when c(-3) is divided by 6.
3
Suppose 0 = -16*s + 11*s + 40. Let f = -30 - -59. Let z = 42 - f. What is the remainder when z is divided by s?
5
Calculate the remainder when 66 is divided by ((-2 - -6) + 6)*1.
6
Suppose -4*w + 20 = 2*v, -4*w + 4*v - 2*v + 4 = 0. Suppose -4*z - 5*x = -21, 2*z + 0*x = -5*x + 13. What is the remainder when z is divided by w?
1
Let t(c) = 3*c + 38. What is the remainder when t(0) is divided by 27?
11
Let g = 32 - -3. Suppose 8*m - 3*m - g = 0. What is the remainder when m is divided by 4?
3
Suppose -2*a = 3*a - 3*f - 32, 0 = a + f - 8. Suppose -6*m = -3*d - m + 10, -d = m + 2. Calculate the remainder when 23 - d - 52/13 is divided by a.
5
Suppose 16*w = -2*w + 144. Suppose 10 = s - 4. Calculate the remainder when s is divided by w.
6
Let c = -50 - -55. Suppose u = 5*j + 5*u - 39, c*u = 5. What is the remainder when 39 is divided by j?
4
Suppose 3*l = 8*l - 195. Suppose -105 = 3*g - 138. What is the remainder when l is divided by g?
6
Suppose -434 = 16*l - 2242. What is the remainder when l is divided by 60?
53
Suppose -119 - 53 = -2*l. Let p = l + 4. What is the remainder when p is divided by 13?
12
Let n = 52 - 35. Let f(r) = r**2 - 4*r + 2. Let g be f(5). Suppose -19 = -3*s + 4*w, s - w + 1 = g. What is the remainder when n is divided by s?
2
Let n be (10/15)/((-2)/30). Let h = 18 + n. What is the remainder when 38 is divided by h?
6
Let b be (-28 - -21)*-6*4. Let u = b + -80. Calculate the remainder when u is divided by 30.
28
Let t be 113*((2 - 0 - 0) + -3). Let d = 123 + t. Calculate the remainder when 129 is divided by d.
9
Suppose -14*m + 266 = -0*m. What is the remainder when m is divided by 8/((-40)/(-42) - (-2)/(-7))?
7
Let k be (3 - (-36)/44) + (-2)/(-11). Suppose -v - k*v + 100 = 0. Calculate the remainder when 39 is divided by v.
19
Calculate the remainder when ((-26)/(-8))/(11*(-4)/(-5456)) is divided by 131.
10
Suppose 5*h = -5*g - 60, 2 + 11 = -g - 2*h. What is the remainder when 41 is divided by (g/(-1))/(17/34)?
19
Calculate the remainder when 119 is divided by (-2 + (-65)/(-30))*-2*-93.
26
Suppose -563 - 672 = -13*t. What is the remainder when t is divided by 14?
11
Let s = 0 - -9. Suppose -6 = p - s. Suppose -p*v = -2*q - 36, 0*q - 24 = -2*v - 4*q. What is the remainder when 23 is divided by v?
11
Let u(i) = i**3 + 14*i**2 + 24*i + 6. Let s be u(-12). Suppose -4*g + 12 = -g. What is the remainder when s + 1 + (9 - 8) + -1 is divided by g?
3
Let k = 23 - 1. Suppose -l - l + k = 0. Suppose 2*b + 4*r = 4, -5 = b - 2*r - 15. What is the remainder when l is divided by b?
5
Suppose -d = -5*c + 250, 7*c - 46 = 6*c + d. Suppose 3*y - 27 = -2*x + 2, 0 = 2*y + 5*x - 1. Calculate the remainder when c is divided by y.
12
Let i(v) = v**3 - 8*v**2 + 7. Let h be i(8). Let c(u) = 2*u - 1. Calculate the remainder when 63 is divided by c(h).
11
Let v = -30 - -30. Suppose 0 = -v*m - m + 19. Let n = 18 - 7. What is the remainder when m is divided by n?
8
Let c = 600 + -291. What is the remainder when c is divided by 109?
91
Let m = -243 + 367. Calculate the remainder when m/(7 - 5) - -3 is divided by 10.
5
Let g(h) = -h - 391. Let i be g(0). Let y = -244 - i. What is the remainder when y is divided by 30?
27
Let l(k) = 31*k**2 - 2*k + 0*k + k. Suppose -172*b + 184*b = -12. Calculate the remainder when 94 is divided by l(b).
30
Suppose 3*x - 12 = 3. Suppose j - 4*j + 3*o = -51, -x*o = -4*j + 68. Let h = -159 - -208. Calculate the remainder when h is divided by j.
15
Calculate the remainder when 151 + 4 - -3*15/(-9) is divided by 32.
22
Suppose 2 = -2*i, 5*h - i - 11 = -5*i. What is the remainder when (-452)/(-10) + 1/(-5) is divided by h/(-5) - 63/(-5)?
9
What is the remainder when (-2 + 6 - 0)/(6/219) is divided by 32?
18
Suppose -4*b = -65 - 559. Suppose 0*l = -2*l + b. Calculate the remainder when l is divided by 27.
24
Let m be (-3 - 36/(-20))/(9/60). Suppose 6*u - 20 = 2*u. Let b = u - m. What is the remainder when b is divided by 8?
5
Let g(w) = w**3 + 13*w**2 + 8*w + 26. What is the remainder when g(-6) is divided by 33?
32
Suppose -48*r = 60*r - 1944. What is the remainder when 340 is divided by r?
16
Suppose -72 = -1166*b + 1163*b. Calculate the remainder when 91 is divided by b.
19
Let p(z) be the third derivative of -z**6/120 - z**5/60 - z**4/12 + z**3/6 + z**2. Let c be 1/(-1)*-1*-1*2. Calculate the remainder when 34 is divided by p(c).
7
Let n(j) = 2*j + 17. Let d be n(5). Suppose d + 3 = 2*f. Let y = 55 - 11. Calculate the remainder when y is divided by f.
14
Let w(s) = 80*s**3 + 5. Let d be w(2). Suppose -d = -80*g + 75*g. Calculate the remainder when g is divided by 22.
19
Let h = 213 + 281. Calculate the remainder when h is divided by 62.
60
Suppose 31 = 4*s - 145. What is the remainder when s is divided by 11 - -4*3/(-6)?
8
Let l = -31 + 27. Let m = 23 + l. Calculate the remainder when 56 is divided by m.
18
Let c(a) = -a**3 + 5*a**2 - a - 4. Let l be c(3). Let p = -31 + l. What is the remainder when 126/8 - 5/p is divided by 6?
4
Let j be (10/35*7)/(0 + 1). Suppose -5*h + 271 = -j*b, -4*b = -4*h + h + 171. What is the remainder when h is divided by 8?
5
Suppose 183 = 4*n + 3. Calculate the remainder when 10/n + 52/9 is divided by 4.
2
Let l(d) = 2*d**2 + 4*d + 5. Let s be l(-5). Let k = 13 - 9. Suppose -k*g = 3*v - s, 4*v + g + 3*g - 52 = 0. What is the remainder when 49 is divided by v?
15
Let d be (-1 - (-33)/(-4))/(1/(-4)). Suppose -3*l = -59 - d. What is the remainder when 95 is divided by l?
31
Let w be ((-2)/3)/(16/24) + 1. Suppose w = k + o - 9 - 6, 0 = -2*k - o + 25. What is the remainder when k is divided by 4?
2
Suppose 3*z + t + 4*t - 71 = 0, 0 = 2*z - 2*t - 74. Suppose 283 = 2*x + 33. What is the remainder when x is divided by z?
29
Let l = 500 - 499. What is the remainder when 2 is divided by l?
0
Let r be (1 - 2)*-6*(-2)/6. Suppose 4*g - 3*g = 8. Let f = r + g. Calculate the remainder when 28 is divided by f.
4
Let h(o) = -2*o**3 + 2*o**2 + 1. Let i be h(2). Let u(c) = -c**3 - 4*c**2 - 5*c - 8. Calculate the remainder when i/((2/(-5))/2) is divided by u(-4).
11
Suppose 0 = -u - 2*s, -4*u + 10*s - 11*s + 7 = 0. What is the remainder when 74 is divided by u?
0
Let w(p) = 9*p + 4. Suppose 0 = 3*b + b - 36. Let a be w(b). Suppose 5*g - a = -z, -z = 3*g - 8*g + 85. Calculate the remainder when 66 is divided by g.
15
Let r be (-8 + 2)/(-1) - 2. Suppose -2*x + r*x - 44 = 0. Let o = 299 + -291. Calculate the remainder when x is divided by o.
6
Suppose 5*b - 8 = 4*b. Suppose a + a + 3*y + b = 0, 28 = 4*a - 5*y. Calculate the remainder when 6 is divided by a.
0
Let y = -1208 + 1257. Calculate the remainder when 186 is divided by y.
39
Suppose 5*q - 328 = q. Let t = q + -60. Calculate the remainder when t is divided by (-1)/(2/(-24)*2).
4
Let d = 13 + -9. Let m = 11 - 8. What is the remainder when ((-32)/(-4) - m)/1 is divided by d?
1
Suppose 4*k = -3*m + 78, -5*k + 5*m - m + 82 = 0. Let l(c) = 2*c**2 + 4*c + 5. Let b be l(-2). Let s = 38 - b. What is the remainder when s is divided by k?
15
Suppose -12*h - 47 = -2*v - 7*h, -5*h + 205 = 5*v. Calculate the remainder when 142 is divided by v.
34
Suppose 0 = 5*d - 43 - 32. Let m = 15 + -5. Let j(c) = -c**2 + 14*c + 4. Calculate the remainder when j(m) is divided by d.
14
Let t(f) be the second derivative of f**4/12 + f**3/3 - f**2/2 + f. Suppose -72 = 81*o - 87*o. What is the remainder when t(5) is divided by o?
10
Let i(g) = -11*g - 489. What is the remainder when 137 is divided by i(-45)?
5
Let y = 114 + -168. Let s = y + 65. Suppose -3*g + 6*g = 126. Calculate the remainder when g is divided by s.
9
Suppose h - 3 = 2. Suppose 2*l - h*v = -40, -3*v + 83 = -5*l + v. Calculate the remainder when (7 - 2)*(-162)/l is d